{"id":5193,"date":"2025-04-12T12:36:16","date_gmt":"2025-04-12T16:36:16","guid":{"rendered":"https:\/\/trufasilvestre.cl\/home\/?post_type=product&#038;p=5193"},"modified":"2026-04-19T17:38:39","modified_gmt":"2026-04-19T21:38:39","slug":"carpaccio-de-trufa-negra","status":"publish","type":"product","link":"https:\/\/trufasilvestre.cl\/home\/product\/carpaccio-de-trufa-negra\/","title":{"rendered":"Carpaccio de trufa negra"},"content":{"rendered":"<p style=\"text-align: left;\">Trufa negra de verano (Tuber aestivum Vitt.), aceite de oliva extra virgen, aroma, sal.<\/p>\n<p>80 gr<\/p>\n<p>SIN GLUTEN, VEGANO, SIN GMO (AMG-alimentos modificados gen\u00e9ticamente), SIN conservantes a\u00f1adidos, origen no animal<\/p>\n<p>&nbsp;<\/p>\n<p>&nbsp;<\/p>\n","protected":false},"excerpt":{"rendered":"<p>Trufas de verano finamente laminadas en aceite de oliva virgen extra. Este carpaccio de trufa es perfecto para acompa\u00f1ar cualquier plato.<\/p>\n<p>Estas l\u00e1minas de trufa en aceite realzan el umami de cada plato. Simplemente pon una cucharada en tu pizza o a\u00f1ade una &#8220;lluvia&#8221; de trufa a cualquier plato de pasta con crema: \u00a1una delicia!<\/p>\n","protected":false},"featured_media":5192,"template":"","meta":{"_exactmetrics_skip_tracking":false,"_exactmetrics_sitenote_active":false,"_exactmetrics_sitenote_note":"","_exactmetrics_sitenote_category":0},"product_brand":[],"product_cat":[60,51],"product_tag":[70],"class_list":{"0":"post-5193","1":"product","2":"type-product","3":"status-publish","4":"has-post-thumbnail","6":"product_cat-destacados","7":"product_cat-red-wine","8":"product_tag-trufas-laminadas","10":"first","11":"outofstock","12":"shipping-taxable","13":"purchasable","14":"product-type-simple"},"yoast_head":"<!-- This site is optimized with the Yoast SEO plugin v25.3 - https:\/\/yoast.com\/wordpress\/plugins\/seo\/ -->\n<title>Carpaccio de trufa negra - Trufa silvestre<\/title>\n<meta name=\"robots\" content=\"index, follow, max-snippet:-1, max-image-preview:large, max-video-preview:-1\" \/>\n<link rel=\"canonical\" href=\"https:\/\/trufasilvestre.cl\/home\/product\/carpaccio-de-trufa-negra\/\" \/>\n<meta property=\"og:locale\" content=\"es_ES\" \/>\n<meta property=\"og:type\" content=\"article\" \/>\n<meta property=\"og:title\" content=\"Carpaccio de trufa negra - Trufa silvestre\" \/>\n<meta property=\"og:description\" content=\"Trufas de verano finamente laminadas en aceite de oliva virgen extra. Este carpaccio de trufa es perfecto para acompa\u00f1ar cualquier plato.  Estas l\u00e1minas de trufa en aceite realzan el umami de cada plato. Simplemente pon una cucharada en tu pizza o a\u00f1ade una &quot;lluvia&quot; de trufa a cualquier plato de pasta con crema: \u00a1una delicia!\" \/>\n<meta property=\"og:url\" content=\"https:\/\/trufasilvestre.cl\/home\/product\/carpaccio-de-trufa-negra\/\" \/>\n<meta property=\"og:site_name\" content=\"Trufa silvestre\" \/>\n<meta property=\"article:modified_time\" content=\"2026-04-19T21:38:39+00:00\" \/>\n<meta property=\"og:image\" content=\"https:\/\/trufasilvestre.cl\/wp-content\/uploads\/2025\/04\/Carpaccio-de-trufa-de-verano-Geofoods_1.jpg\" \/>\n\t<meta property=\"og:image:width\" content=\"1280\" \/>\n\t<meta property=\"og:image:height\" content=\"851\" \/>\n\t<meta property=\"og:image:type\" content=\"image\/jpeg\" \/>\n<meta name=\"twitter:card\" content=\"summary_large_image\" \/>\n<meta name=\"twitter:label1\" content=\"Tiempo estimado de lectura\" \/>\n\t<meta name=\"twitter:data1\" content=\"1 minuto\" \/>\n<script type=\"application\/ld+json\" class=\"yoast-schema-graph\">{\"@context\":\"https:\/\/schema.org\",\"@graph\":[{\"@type\":\"WebPage\",\"@id\":\"https:\/\/trufasilvestre.cl\/home\/product\/carpaccio-de-trufa-negra\/\",\"url\":\"https:\/\/trufasilvestre.cl\/home\/product\/carpaccio-de-trufa-negra\/\",\"name\":\"Carpaccio de trufa negra - Trufa silvestre\",\"isPartOf\":{\"@id\":\"https:\/\/trufasilvestre.cl\/home\/#website\"},\"primaryImageOfPage\":{\"@id\":\"https:\/\/trufasilvestre.cl\/home\/product\/carpaccio-de-trufa-negra\/#primaryimage\"},\"image\":{\"@id\":\"https:\/\/trufasilvestre.cl\/home\/product\/carpaccio-de-trufa-negra\/#primaryimage\"},\"thumbnailUrl\":\"https:\/\/trufasilvestre.cl\/wp-content\/uploads\/2025\/04\/Carpaccio-de-trufa-de-verano-Geofoods_1.jpg\",\"datePublished\":\"2025-04-12T16:36:16+00:00\",\"dateModified\":\"2026-04-19T21:38:39+00:00\",\"breadcrumb\":{\"@id\":\"https:\/\/trufasilvestre.cl\/home\/product\/carpaccio-de-trufa-negra\/#breadcrumb\"},\"inLanguage\":\"es-CL\",\"potentialAction\":[{\"@type\":\"ReadAction\",\"target\":[\"https:\/\/trufasilvestre.cl\/home\/product\/carpaccio-de-trufa-negra\/\"]}]},{\"@type\":\"ImageObject\",\"inLanguage\":\"es-CL\",\"@id\":\"https:\/\/trufasilvestre.cl\/home\/product\/carpaccio-de-trufa-negra\/#primaryimage\",\"url\":\"https:\/\/trufasilvestre.cl\/wp-content\/uploads\/2025\/04\/Carpaccio-de-trufa-de-verano-Geofoods_1.jpg\",\"contentUrl\":\"https:\/\/trufasilvestre.cl\/wp-content\/uploads\/2025\/04\/Carpaccio-de-trufa-de-verano-Geofoods_1.jpg\",\"width\":1280,\"height\":851},{\"@type\":\"BreadcrumbList\",\"@id\":\"https:\/\/trufasilvestre.cl\/home\/product\/carpaccio-de-trufa-negra\/#breadcrumb\",\"itemListElement\":[{\"@type\":\"ListItem\",\"position\":1,\"name\":\"Home\",\"item\":\"https:\/\/trufasilvestre.cl\/home\/\"},{\"@type\":\"ListItem\",\"position\":2,\"name\":\"TIENDA ONLINE\",\"item\":\"https:\/\/trufasilvestre.cl\/home\/shop\/\"},{\"@type\":\"ListItem\",\"position\":3,\"name\":\"Carpaccio de trufa negra\"}]},{\"@type\":\"WebSite\",\"@id\":\"https:\/\/trufasilvestre.cl\/home\/#website\",\"url\":\"https:\/\/trufasilvestre.cl\/home\/\",\"name\":\"Trufa silvestre\",\"description\":\"Trufa\",\"potentialAction\":[{\"@type\":\"SearchAction\",\"target\":{\"@type\":\"EntryPoint\",\"urlTemplate\":\"https:\/\/trufasilvestre.cl\/home\/?s={search_term_string}\"},\"query-input\":{\"@type\":\"PropertyValueSpecification\",\"valueRequired\":true,\"valueName\":\"search_term_string\"}}],\"inLanguage\":\"es-CL\"}]}<\/script>\n<!-- \/ Yoast SEO plugin. -->","yoast_head_json":{"title":"Carpaccio de trufa negra - Trufa silvestre","robots":{"index":"index","follow":"follow","max-snippet":"max-snippet:-1","max-image-preview":"max-image-preview:large","max-video-preview":"max-video-preview:-1"},"canonical":"https:\/\/trufasilvestre.cl\/home\/product\/carpaccio-de-trufa-negra\/","og_locale":"es_ES","og_type":"article","og_title":"Carpaccio de trufa negra - Trufa silvestre","og_description":"Trufas de verano finamente laminadas en aceite de oliva virgen extra. Este carpaccio de trufa es perfecto para acompa\u00f1ar cualquier plato.  Estas l\u00e1minas de trufa en aceite realzan el umami de cada plato. Simplemente pon una cucharada en tu pizza o a\u00f1ade una \"lluvia\" de trufa a cualquier plato de pasta con crema: \u00a1una delicia!","og_url":"https:\/\/trufasilvestre.cl\/home\/product\/carpaccio-de-trufa-negra\/","og_site_name":"Trufa silvestre","article_modified_time":"2026-04-19T21:38:39+00:00","og_image":[{"width":1280,"height":851,"url":"https:\/\/trufasilvestre.cl\/wp-content\/uploads\/2025\/04\/Carpaccio-de-trufa-de-verano-Geofoods_1.jpg","type":"image\/jpeg"}],"twitter_card":"summary_large_image","twitter_misc":{"Tiempo estimado de lectura":"1 minuto"},"schema":{"@context":"https:\/\/schema.org","@graph":[{"@type":"WebPage","@id":"https:\/\/trufasilvestre.cl\/home\/product\/carpaccio-de-trufa-negra\/","url":"https:\/\/trufasilvestre.cl\/home\/product\/carpaccio-de-trufa-negra\/","name":"Carpaccio de trufa negra - Trufa silvestre","isPartOf":{"@id":"https:\/\/trufasilvestre.cl\/home\/#website"},"primaryImageOfPage":{"@id":"https:\/\/trufasilvestre.cl\/home\/product\/carpaccio-de-trufa-negra\/#primaryimage"},"image":{"@id":"https:\/\/trufasilvestre.cl\/home\/product\/carpaccio-de-trufa-negra\/#primaryimage"},"thumbnailUrl":"https:\/\/trufasilvestre.cl\/wp-content\/uploads\/2025\/04\/Carpaccio-de-trufa-de-verano-Geofoods_1.jpg","datePublished":"2025-04-12T16:36:16+00:00","dateModified":"2026-04-19T21:38:39+00:00","breadcrumb":{"@id":"https:\/\/trufasilvestre.cl\/home\/product\/carpaccio-de-trufa-negra\/#breadcrumb"},"inLanguage":"es-CL","potentialAction":[{"@type":"ReadAction","target":["https:\/\/trufasilvestre.cl\/home\/product\/carpaccio-de-trufa-negra\/"]}]},{"@type":"ImageObject","inLanguage":"es-CL","@id":"https:\/\/trufasilvestre.cl\/home\/product\/carpaccio-de-trufa-negra\/#primaryimage","url":"https:\/\/trufasilvestre.cl\/wp-content\/uploads\/2025\/04\/Carpaccio-de-trufa-de-verano-Geofoods_1.jpg","contentUrl":"https:\/\/trufasilvestre.cl\/wp-content\/uploads\/2025\/04\/Carpaccio-de-trufa-de-verano-Geofoods_1.jpg","width":1280,"height":851},{"@type":"BreadcrumbList","@id":"https:\/\/trufasilvestre.cl\/home\/product\/carpaccio-de-trufa-negra\/#breadcrumb","itemListElement":[{"@type":"ListItem","position":1,"name":"Home","item":"https:\/\/trufasilvestre.cl\/home\/"},{"@type":"ListItem","position":2,"name":"TIENDA ONLINE","item":"https:\/\/trufasilvestre.cl\/home\/shop\/"},{"@type":"ListItem","position":3,"name":"Carpaccio de trufa negra"}]},{"@type":"WebSite","@id":"https:\/\/trufasilvestre.cl\/home\/#website","url":"https:\/\/trufasilvestre.cl\/home\/","name":"Trufa silvestre","description":"Trufa","potentialAction":[{"@type":"SearchAction","target":{"@type":"EntryPoint","urlTemplate":"https:\/\/trufasilvestre.cl\/home\/?s={search_term_string}"},"query-input":{"@type":"PropertyValueSpecification","valueRequired":true,"valueName":"search_term_string"}}],"inLanguage":"es-CL"}]}},"_links":{"self":[{"href":"https:\/\/trufasilvestre.cl\/home\/wp-json\/wp\/v2\/product\/5193","targetHints":{"allow":["GET"]}}],"collection":[{"href":"https:\/\/trufasilvestre.cl\/home\/wp-json\/wp\/v2\/product"}],"about":[{"href":"https:\/\/trufasilvestre.cl\/home\/wp-json\/wp\/v2\/types\/product"}],"wp:featuredmedia":[{"embeddable":true,"href":"https:\/\/trufasilvestre.cl\/home\/wp-json\/wp\/v2\/media\/5192"}],"wp:attachment":[{"href":"https:\/\/trufasilvestre.cl\/home\/wp-json\/wp\/v2\/media?parent=5193"}],"wp:term":[{"taxonomy":"product_brand","embeddable":true,"href":"https:\/\/trufasilvestre.cl\/home\/wp-json\/wp\/v2\/product_brand?post=5193"},{"taxonomy":"product_cat","embeddable":true,"href":"https:\/\/trufasilvestre.cl\/home\/wp-json\/wp\/v2\/product_cat?post=5193"},{"taxonomy":"product_tag","embeddable":true,"href":"https:\/\/trufasilvestre.cl\/home\/wp-json\/wp\/v2\/product_tag?post=5193"}],"curies":[{"name":"wp","href":"https:\/\/api.w.org\/{rel}","templated":true}]}}