{"id":2953,"date":"2021-01-09T08:43:30","date_gmt":"2021-01-09T12:43:30","guid":{"rendered":"https:\/\/trufasilvestre.cl\/home\/?page_id=2953"},"modified":"2021-01-09T21:32:57","modified_gmt":"2021-01-10T01:32:57","slug":"trufa2","status":"publish","type":"page","link":"https:\/\/trufasilvestre.cl\/home\/trufa2\/","title":{"rendered":"SOBRE TRUFAS"},"content":{"rendered":"<div class=\"wpb-content-wrapper\"><p>[vc_row mobile_bg_img_hidden=&#8221;no&#8221; tablet_bg_img_hidden=&#8221;no&#8221; woodmart_parallax=&#8221;0&#8243; woodmart_gradient_switch=&#8221;no&#8221; row_reverse_mobile=&#8221;0&#8243; row_reverse_tablet=&#8221;0&#8243; woodmart_disable_overflow=&#8221;0&#8243; css=&#8221;.vc_custom_1610197705805{padding-right: 30px !important;padding-left: 30px !important;}&#8221;][vc_column][vc_column_text text_larger=&#8221;no&#8221;]<\/p>\n<div class=\"section-title vc_custom_heading vc_custom_heading-text_align_left\">\n<h2 class=\"title\">OCULTAS BAJO TIERRA COMO UN TESORO REAL<\/h2>\n<\/div>\n<div class=\"wpb_text_column wpb_content_element \">\n<div class=\"wpb_wrapper\">\n<p>Estos valiosos hongos en el pasado supuestamente se usaban para llegar a dioses y brujas, mientras que hoy la mayor parte termina en especialidades gourmet para \u201cmortales ordinarios\u201d Las trufas son una variedad de hongos comestibles que crecen bajo tierra, principalmente adem\u00e1s de las ra\u00edces de \u00e1rboles como el roble, la haya, el \u00e1lamo, el sauce y el olmo. Tienen forma de tub\u00e9rculos y a menudo se comparan con las papas cuando se trata de su apariencia. Por lo general, crecen desde el tama\u00f1o de una cereza hasta el tama\u00f1o de una manzana, pero a veces se encuentran ejemplares significativamente m\u00e1s grandes (como la famosa trufa blanca que encontr\u00f3 uno de nuestros proveedores que pes\u00f3 1310 g). En el mundo culinario, las m\u00e1s populares son las dos variedades b\u00e1sicas: la trufa negra y blanca.<\/p>\n<\/div>\n<\/div>\n<p>[\/vc_column_text][\/vc_column][\/vc_row][vc_row full_width=&#8221;stretch_row_content_no_spaces&#8221; mobile_bg_img_hidden=&#8221;no&#8221; tablet_bg_img_hidden=&#8221;no&#8221; woodmart_parallax=&#8221;0&#8243; woodmart_gradient_switch=&#8221;no&#8221; row_reverse_mobile=&#8221;0&#8243; row_reverse_tablet=&#8221;0&#8243; woodmart_disable_overflow=&#8221;0&#8243;][vc_column][vc_single_image image=&#8221;2956&#8243; img_size=&#8221;full&#8221; parallax_scroll=&#8221;no&#8221;][\/vc_column][\/vc_row][vc_row mobile_bg_img_hidden=&#8221;no&#8221; tablet_bg_img_hidden=&#8221;no&#8221; woodmart_parallax=&#8221;0&#8243; woodmart_gradient_switch=&#8221;no&#8221; row_reverse_mobile=&#8221;0&#8243; row_reverse_tablet=&#8221;0&#8243; woodmart_disable_overflow=&#8221;0&#8243; css=&#8221;.vc_custom_1610197705805{padding-right: 30px !important;padding-left: 30px !important;}&#8221;][vc_column][vc_column_text text_larger=&#8221;no&#8221;]<\/p>\n<div class=\"wpb_text_column wpb_content_element \">\n<div class=\"wpb_wrapper\">\n<p>Las trufas se recogen \u00fanicamente despu\u00e9s de que est\u00e9n maduras. La b\u00fasqueda o la caza es dirigida por un cazador de trufas profesional, mientras que las trufas son encontradas por perros (en pasado con cerdos) entrenados con un sutil sentido del olfato. En el pasado esto fue hecho por cerdos, pero hoy en d\u00eda es raro. Es decir, a pesar de que los cerdos son muy h\u00e1biles para encontrar las trufas, todo las que encuentren las comen.<\/p>\n<p>Despu\u00e9s de que el perro indica la posici\u00f3n de la trufa cavando con sus patas y recibe una recompensa por el hallazgo, el cazador de trufas extrae con cuidado los hongos teniendo cuidado de no da\u00f1arla. Despu\u00e9s de eso, \u00e9l \/ ella cierra el agujero resultante para que sea posible el desarrollo de una nueva ra\u00edz que sea el desarrollo de nuevas trufas. Luego, las trufas se lavan, clasifican y eval\u00faan, teniendo en cuenta el aroma, el tama\u00f1o, la forma y la impresi\u00f3n general. Durante la evaluaci\u00f3n, tambi\u00e9n se puede hacer muescas en la trufa para que el color de su interior se haga visible. Clasificadas y limpias, las trufas finalmente se empaquetan para su transporte.<\/p>\n<\/div>\n<\/div>\n<p>[\/vc_column_text][\/vc_column][\/vc_row][vc_row full_width=&#8221;stretch_row_content_no_spaces&#8221; mobile_bg_img_hidden=&#8221;no&#8221; tablet_bg_img_hidden=&#8221;no&#8221; woodmart_parallax=&#8221;0&#8243; woodmart_gradient_switch=&#8221;no&#8221; row_reverse_mobile=&#8221;0&#8243; row_reverse_tablet=&#8221;0&#8243; woodmart_disable_overflow=&#8221;0&#8243;][vc_column][vc_single_image image=&#8221;2960&#8243; img_size=&#8221;full&#8221; parallax_scroll=&#8221;no&#8221;][\/vc_column][\/vc_row][vc_row mobile_bg_img_hidden=&#8221;no&#8221; tablet_bg_img_hidden=&#8221;no&#8221; woodmart_parallax=&#8221;0&#8243; woodmart_gradient_switch=&#8221;no&#8221; row_reverse_mobile=&#8221;0&#8243; row_reverse_tablet=&#8221;0&#8243; woodmart_disable_overflow=&#8221;0&#8243; css=&#8221;.vc_custom_1610197705805{padding-right: 30px !important;padding-left: 30px !important;}&#8221;][vc_column][vc_column_text text_larger=&#8221;no&#8221;]<\/p>\n<div id=\"1564479038210-0ab88a40-1575\" class=\"vc_row wpb_row vc_inner vc_row-fluid about_1 vc_custom_1564581930295 row-background-none\">\n<div id=\"vc_col_1564479038264-71850459-f179\" class=\"wpb_column vc_column_container vc_col-sm-12 row-background-none\">\n<div class=\"vc_column-inner \">\n<div class=\"wpb_wrapper\">\n<div class=\"wpb_text_column wpb_content_element \">\n<div class=\"wpb_wrapper\">\n<p>Las trufas tambi\u00e9n pueden describirse como hongos gourmet porque su fragancia es \u00e1cida, intensiva y terrosa, lo que garantiza que la comida tenga un sabor \u00fanico. Se utilizan en peque\u00f1as cantidades que a\u00fan son suficientes para convertir cada plato en una experiencia gourmet. No es f\u00e1cil describir el aroma de las trufas y, por lo tanto, las asociaciones var\u00edan de \u201csuelo del bosque\u201d y \u201cmezcla de chocolate y tierra\u201d a \u201ccalcetines viejos\u201d y, a menudo, se acompa\u00f1an con el ep\u00edteto del erotismo. Independientemente de los diferentes comentarios, la demanda de trufas siempre es mucho m\u00e1s alta que la cantidad disponible, y por lo tanto el precio depende de temporada y disponibilidad de trufas (blancas o negras).<\/p>\n<\/div>\n<\/div>\n<\/div>\n<\/div>\n<\/div>\n<\/div>\n<div id=\"1562158092391-82930f3e-c5dc\" class=\"vc_row wpb_row vc_inner vc_row-fluid sobre_trufas row-background-none\">\n<div id=\"vc_col_1562158092394-567d90dd-fd4a\" class=\"wpb_column vc_column_container vc_col-sm-12 row-background-none\">\n<div class=\"vc_empty_space\"><\/div>\n<div class=\"vc_column-inner \">\n<div class=\"wpb_wrapper\">\n<div class=\"section-title vc_custom_heading vc_custom_heading-text_align_left\"><\/div>\n<\/div>\n<\/div>\n<\/div>\n<\/div>\n<p>[\/vc_column_text][vc_column_text text_larger=&#8221;no&#8221;]<\/p>\n<div id=\"1564479038210-0ab88a40-1575\" class=\"vc_row wpb_row vc_inner vc_row-fluid about_1 vc_custom_1564581930295 row-background-none\">\n<div id=\"vc_col_1564479038264-71850459-f179\" class=\"wpb_column vc_column_container vc_col-sm-12 row-background-none\">\n<div class=\"vc_column-inner \">\n<div class=\"wpb_wrapper\">\n<div class=\"wpb_text_column wpb_content_element \">\n<div class=\"wpb_wrapper\">\n<div id=\"1562158092391-82930f3e-c5dc\" class=\"vc_row wpb_row vc_inner vc_row-fluid sobre_trufas row-background-none\">\n<div id=\"vc_col_1562158092394-567d90dd-fd4a\" class=\"wpb_column vc_column_container vc_col-sm-12 row-background-none\">\n<div class=\"vc_column-inner \">\n<div class=\"wpb_wrapper\">\n<div class=\"section-title vc_custom_heading vc_custom_heading-text_align_left\">\n<h2 class=\"title\">COMO GUARDAR TRUFAS<\/h2>\n<\/div>\n<div class=\"wpb_text_column wpb_content_element \">\n<div class=\"wpb_wrapper\">\n<p>El almacenamiento adecuado de las trufas frescas requiere atenci\u00f3n y esfuerzo, pero cada bocado de una exquisitez preparada con trufas probar\u00e1 que la inversi\u00f3n es, por supuesto, fruct\u00edfera.<\/p>\n<p>Despu\u00e9s de la recolecci\u00f3n, cada trufa fresca debe limpiarse completamente de la suciedad con un cepillo suave (como un cepillo de dientes suave) y con agua fr\u00eda corriente. Las trufas son organismos sensibles que se deshidratan y pierden su aroma, por lo que es mejor consumirlas lo antes posible. Dado que la humedad es el mayor enemigo de las trufas, antes y despu\u00e9s de cada uso, es mejor envolver la trufa seca en una toalla de papel limpia, cerrarla herm\u00e9ticamente en un frasco y almacenarla en la puerta del refrigerador. Con los cambios diarios de la toalla de papel, este m\u00e9todo de almacenamiento garantiza una alta calidad de la trufa blanca estimada durante aproximadamente una semana y de la trufa negra durante aproximadamente dos semanas. Cuando la trufa se vuelve blanda, debe consumirse de inmediato porque es una se\u00f1al de que alcanza su madurez final.<\/p>\n<\/div>\n<\/div>\n<\/div>\n<\/div>\n<\/div>\n<\/div>\n<p>&nbsp;<\/p>\n<\/div>\n<\/div>\n<\/div>\n<\/div>\n<\/div>\n<\/div>\n<div id=\"1562158092391-82930f3e-c5dc\" class=\"vc_row wpb_row vc_inner vc_row-fluid sobre_trufas row-background-none\">\n<div id=\"vc_col_1562158092394-567d90dd-fd4a\" class=\"wpb_column vc_column_container vc_col-sm-12 row-background-none\">\n<div class=\"vc_empty_space\"><\/div>\n<div class=\"vc_column-inner \">\n<div class=\"wpb_wrapper\">\n<div class=\"section-title vc_custom_heading vc_custom_heading-text_align_left\"><\/div>\n<\/div>\n<\/div>\n<\/div>\n<\/div>\n<p>[\/vc_column_text][\/vc_column][\/vc_row][vc_row full_width=&#8221;stretch_row_content_no_spaces&#8221; mobile_bg_img_hidden=&#8221;no&#8221; tablet_bg_img_hidden=&#8221;no&#8221; woodmart_parallax=&#8221;0&#8243; woodmart_gradient_switch=&#8221;no&#8221; row_reverse_mobile=&#8221;0&#8243; row_reverse_tablet=&#8221;0&#8243; woodmart_disable_overflow=&#8221;0&#8243;][vc_column][vc_single_image image=&#8221;2963&#8243; img_size=&#8221;full&#8221; parallax_scroll=&#8221;no&#8221;][\/vc_column][\/vc_row][vc_row mobile_bg_img_hidden=&#8221;no&#8221; tablet_bg_img_hidden=&#8221;no&#8221; woodmart_parallax=&#8221;0&#8243; woodmart_gradient_switch=&#8221;no&#8221; row_reverse_mobile=&#8221;0&#8243; row_reverse_tablet=&#8221;0&#8243; woodmart_disable_overflow=&#8221;0&#8243; css=&#8221;.vc_custom_1610197705805{padding-right: 30px !important;padding-left: 30px !important;}&#8221;][vc_column][vc_column_text text_larger=&#8221;no&#8221;]Las trufas negras se pueden almacenar en un congelador por un per\u00edodo de tiempo m\u00e1s largo. Se pueden almacenar hasta 3 meses en el contenedor de hielo, aunque perder\u00e1n algo de su aroma. Se pueden congelar de dos maneras: envueltos individualmente en papel de aluminio y aspirados en una bolsa de pl\u00e1stico o envasados \u200b\u200ben bolsas de pl\u00e1stico con aceite de oliva, sin contacto con el aire. No es necesario descongelar las trufas congeladas antes de usarlas. Las trufas congeladas ralladas se descongelar\u00e1n por la temperatura de los alimentos.<\/p>\n<p>Las trufas negras tambi\u00e9n se pueden almacenar durante 2 a 3 d\u00edas en el refrigerador en un recipiente con huevos frescos. El aroma de trufas impregnar\u00e1 las yemas de huevo y convertir\u00e1 una tortilla \u201csimple\u201d en una delicia gourmet.<\/p>\n<p>Una buena idea tambi\u00e9n es rallar trufas frescas y mezclarlas con mantequilla y luego congelar la mantequilla de trufas resultante en porciones m\u00e1s peque\u00f1as y pr\u00e1cticas para su uso.<\/p>\n<p>De ninguna manera se recomienda secar las trufas en un deshidratador dom\u00e9stico porque la mayor parte del sabor se pierde debido al calor y al proceso de larga duraci\u00f3n. Lo mismo ocurre con la conservaci\u00f3n en el hogar que resta el sabor de las trufas termosensibles.[\/vc_column_text][vc_empty_space woodmart_hide_large=&#8221;0&#8243; woodmart_hide_medium=&#8221;0&#8243; woodmart_hide_small=&#8221;0&#8243; woodmart_hide_extra_small=&#8221;0&#8243;][vc_column_text text_larger=&#8221;no&#8221;]<\/p>\n<div class=\"section-title vc_custom_heading vc_custom_heading-text_align_left\"><\/div>\n<div class=\"section-title vc_custom_heading vc_custom_heading-text_align_left\">\n<h2 class=\"title\">EL CAR\u00c1CTER DE TRUFA EN NUMEROSAS HISTORIAS<\/h2>\n<\/div>\n<div class=\"wpb_text_column wpb_content_element facts_truffle\">\n<div class=\"wpb_wrapper\">\n<ul>\n<li>La gente siempre tuvo miedo de lo desconocido y lo diferente, por lo que no es de extra\u00f1ar que haya varias historias sobre trufas desde la antig\u00fcedad \u2026 pero es hora de aclarar las cosas.<\/li>\n<li>Las trufas no son ni el alimento para las brujas ni una especie animal ni un mineral, como se cre\u00eda en el pasado.<\/li>\n<li>Las trufas no son ni un tub\u00e9rculo ni una enfermedad del suelo sino hongos que viven en simbiosis con \u00e1rboles.<\/li>\n<li>Las trufas no aparecen despu\u00e9s de que un rayo golpea el suelo h\u00famedo, como cre\u00edan los antiguos griegos.<\/li>\n<li>La trufa blanca no crece en simbiosis con cualquier tipo de \u00e1rbol, solo algunos arboles disfrutan ese privilegio.<\/li>\n<li>La trufa blanca es un hongo silvestre: no ha sido posible cultivarlas, ni pueden crecer en cualquier tipo de suelo.<\/li>\n<li>Las trufas pueden ser olidas por cerdos, perros y cabras, pero hoy en d\u00eda se usan para cazarlas perros entrenados .<\/li>\n<li>La trufa blanca se puede encontrar \u00fanicamente de septiembre a enero.<\/li>\n<li>Las trufas tambi\u00e9n se pueden buscar durante el d\u00eda, no solo por la noche.<\/li>\n<li>Los antiguos griegos y romanos utilizaban trufas como especialidad, afrodis\u00edaco y medicina.<\/li>\n<li>La trufa blanca es mejor si se consume de inmediato y no m\u00e1s tarde de diez d\u00edas.<\/li>\n<li>La trufa blanca pierde todas sus caracter\u00edsticas al congelarse, se fermenta en aceite y pierde su sabor y aroma en escabeche.<\/li>\n<li>No se pela ni se come la trufa fresca, es mejor cuando se ralla o lamina en hojas delgadas.<\/li>\n<li>La trufa tambi\u00e9n se conoce como el diamante de la cocina, la reina negra, el diamante de los pa\u00edses pobres, la pepita fragante y la perla negra.<\/li>\n<li>En la Edad Media, a los monjes se les prohib\u00eda comer trufas por temor a olvidar su vocaci\u00f3n.<\/li>\n<\/ul>\n<\/div>\n<\/div>\n<p>[\/vc_column_text][vc_empty_space woodmart_hide_large=&#8221;0&#8243; woodmart_hide_medium=&#8221;0&#8243; woodmart_hide_small=&#8221;0&#8243; woodmart_hide_extra_small=&#8221;0&#8243;][vc_column_text text_larger=&#8221;no&#8221;]<\/p>\n<div class=\"section-title vc_custom_heading vc_custom_heading-text_align_left\">\n<div class=\"section-title vc_custom_heading vc_custom_heading-text_align_left\">\n<h2 class=\"title\">CAZA DE TRUFA<\/h2>\n<\/div>\n<div class=\"wpb_text_column wpb_content_element \">\n<div class=\"wpb_wrapper\">\n<p>Una caza de trufas es un evento especial e inolvidable para cualquier fan de este hongo subterr\u00e1neo. Le contaremos una historia de nuestra tradici\u00f3n de caza de trufas familiar y transmitiremos la experiencia completa de la adrenalina y la anticipaci\u00f3n de buscar este tesoro para preparar el hallazgo conjunto y disfrutar de los aromas y sabores de nuestros productos y delicias de trufas.<\/p>\n<\/div>\n<\/div>\n<\/div>\n<p>[\/vc_column_text][\/vc_column][\/vc_row][vc_row full_width=&#8221;stretch_row_content_no_spaces&#8221; mobile_bg_img_hidden=&#8221;no&#8221; tablet_bg_img_hidden=&#8221;no&#8221; woodmart_parallax=&#8221;0&#8243; woodmart_gradient_switch=&#8221;no&#8221; row_reverse_mobile=&#8221;0&#8243; row_reverse_tablet=&#8221;0&#8243; woodmart_disable_overflow=&#8221;0&#8243;][vc_column][vc_images_carousel images=&#8221;2965,2966&#8243; img_size=&#8221;full&#8221; autoplay=&#8221;yes&#8221; hide_pagination_control=&#8221;yes&#8221; hide_prev_next_buttons=&#8221;yes&#8221; wrap=&#8221;yes&#8221; css_animation=&#8221;bottom-to-top&#8221;][\/vc_column][\/vc_row]<\/p>\n<\/div>","protected":false},"excerpt":{"rendered":"<p>[vc_row mobile_bg_img_hidden=&#8221;no&#8221; tablet_bg_img_hidden=&#8221;no&#8221; woodmart_parallax=&#8221;0&#8243; woodmart_gradient_switch=&#8221;no&#8221; row_reverse_mobile=&#8221;0&#8243; row_reverse_tablet=&#8221;0&#8243; woodmart_disable_overflow=&#8221;0&#8243; css=&#8221;.vc_custom_1610197705805{padding-right: 30px !important;padding-left: 30px !important;}&#8221;][vc_column][vc_column_text text_larger=&#8221;no&#8221;] OCULTAS BAJO TIERRA COMO UN TESORO<\/p>\n","protected":false},"author":2,"featured_media":0,"parent":0,"menu_order":0,"comment_status":"closed","ping_status":"closed","template":"","meta":{"_exactmetrics_skip_tracking":false,"_exactmetrics_sitenote_active":false,"_exactmetrics_sitenote_note":"","_exactmetrics_sitenote_category":0,"footnotes":""},"class_list":["post-2953","page","type-page","status-publish","hentry"],"yoast_head":"<!-- This site is optimized with the Yoast SEO plugin v25.3 - https:\/\/yoast.com\/wordpress\/plugins\/seo\/ -->\n<title>SOBRE TRUFAS - Trufa silvestre<\/title>\n<meta name=\"robots\" content=\"index, follow, max-snippet:-1, max-image-preview:large, max-video-preview:-1\" \/>\n<link rel=\"canonical\" href=\"https:\/\/trufasilvestre.cl\/home\/trufa2\/\" \/>\n<meta property=\"og:locale\" content=\"es_ES\" \/>\n<meta property=\"og:type\" content=\"article\" \/>\n<meta property=\"og:title\" content=\"SOBRE TRUFAS - Trufa silvestre\" \/>\n<meta property=\"og:description\" content=\"[vc_row mobile_bg_img_hidden=&#8221;no&#8221; tablet_bg_img_hidden=&#8221;no&#8221; woodmart_parallax=&#8221;0&#8243; woodmart_gradient_switch=&#8221;no&#8221; row_reverse_mobile=&#8221;0&#8243; row_reverse_tablet=&#8221;0&#8243; woodmart_disable_overflow=&#8221;0&#8243; css=&#8221;.vc_custom_1610197705805{padding-right: 30px !important;padding-left: 30px !important;}&#8221;][vc_column][vc_column_text text_larger=&#8221;no&#8221;] OCULTAS BAJO TIERRA COMO UN TESORO\" \/>\n<meta property=\"og:url\" content=\"https:\/\/trufasilvestre.cl\/home\/trufa2\/\" \/>\n<meta property=\"og:site_name\" content=\"Trufa silvestre\" \/>\n<meta property=\"article:modified_time\" content=\"2021-01-10T01:32:57+00:00\" \/>\n<meta name=\"twitter:card\" content=\"summary_large_image\" \/>\n<meta name=\"twitter:label1\" content=\"Tiempo estimado de lectura\" \/>\n\t<meta name=\"twitter:data1\" content=\"9 minutos\" \/>\n<script type=\"application\/ld+json\" class=\"yoast-schema-graph\">{\"@context\":\"https:\/\/schema.org\",\"@graph\":[{\"@type\":\"WebPage\",\"@id\":\"https:\/\/trufasilvestre.cl\/home\/trufa2\/\",\"url\":\"https:\/\/trufasilvestre.cl\/home\/trufa2\/\",\"name\":\"SOBRE TRUFAS - Trufa silvestre\",\"isPartOf\":{\"@id\":\"https:\/\/trufasilvestre.cl\/home\/#website\"},\"datePublished\":\"2021-01-09T12:43:30+00:00\",\"dateModified\":\"2021-01-10T01:32:57+00:00\",\"breadcrumb\":{\"@id\":\"https:\/\/trufasilvestre.cl\/home\/trufa2\/#breadcrumb\"},\"inLanguage\":\"es-CL\",\"potentialAction\":[{\"@type\":\"ReadAction\",\"target\":[\"https:\/\/trufasilvestre.cl\/home\/trufa2\/\"]}]},{\"@type\":\"BreadcrumbList\",\"@id\":\"https:\/\/trufasilvestre.cl\/home\/trufa2\/#breadcrumb\",\"itemListElement\":[{\"@type\":\"ListItem\",\"position\":1,\"name\":\"Home\",\"item\":\"https:\/\/trufasilvestre.cl\/home\/\"},{\"@type\":\"ListItem\",\"position\":2,\"name\":\"SOBRE TRUFAS\"}]},{\"@type\":\"WebSite\",\"@id\":\"https:\/\/trufasilvestre.cl\/home\/#website\",\"url\":\"https:\/\/trufasilvestre.cl\/home\/\",\"name\":\"Trufa silvestre\",\"description\":\"Trufa\",\"potentialAction\":[{\"@type\":\"SearchAction\",\"target\":{\"@type\":\"EntryPoint\",\"urlTemplate\":\"https:\/\/trufasilvestre.cl\/home\/?s={search_term_string}\"},\"query-input\":{\"@type\":\"PropertyValueSpecification\",\"valueRequired\":true,\"valueName\":\"search_term_string\"}}],\"inLanguage\":\"es-CL\"}]}<\/script>\n<!-- \/ Yoast SEO plugin. -->","yoast_head_json":{"title":"SOBRE TRUFAS - Trufa silvestre","robots":{"index":"index","follow":"follow","max-snippet":"max-snippet:-1","max-image-preview":"max-image-preview:large","max-video-preview":"max-video-preview:-1"},"canonical":"https:\/\/trufasilvestre.cl\/home\/trufa2\/","og_locale":"es_ES","og_type":"article","og_title":"SOBRE TRUFAS - Trufa silvestre","og_description":"[vc_row mobile_bg_img_hidden=&#8221;no&#8221; tablet_bg_img_hidden=&#8221;no&#8221; woodmart_parallax=&#8221;0&#8243; woodmart_gradient_switch=&#8221;no&#8221; row_reverse_mobile=&#8221;0&#8243; row_reverse_tablet=&#8221;0&#8243; woodmart_disable_overflow=&#8221;0&#8243; css=&#8221;.vc_custom_1610197705805{padding-right: 30px !important;padding-left: 30px !important;}&#8221;][vc_column][vc_column_text text_larger=&#8221;no&#8221;] OCULTAS BAJO TIERRA COMO UN TESORO","og_url":"https:\/\/trufasilvestre.cl\/home\/trufa2\/","og_site_name":"Trufa silvestre","article_modified_time":"2021-01-10T01:32:57+00:00","twitter_card":"summary_large_image","twitter_misc":{"Tiempo estimado de lectura":"9 minutos"},"schema":{"@context":"https:\/\/schema.org","@graph":[{"@type":"WebPage","@id":"https:\/\/trufasilvestre.cl\/home\/trufa2\/","url":"https:\/\/trufasilvestre.cl\/home\/trufa2\/","name":"SOBRE TRUFAS - Trufa silvestre","isPartOf":{"@id":"https:\/\/trufasilvestre.cl\/home\/#website"},"datePublished":"2021-01-09T12:43:30+00:00","dateModified":"2021-01-10T01:32:57+00:00","breadcrumb":{"@id":"https:\/\/trufasilvestre.cl\/home\/trufa2\/#breadcrumb"},"inLanguage":"es-CL","potentialAction":[{"@type":"ReadAction","target":["https:\/\/trufasilvestre.cl\/home\/trufa2\/"]}]},{"@type":"BreadcrumbList","@id":"https:\/\/trufasilvestre.cl\/home\/trufa2\/#breadcrumb","itemListElement":[{"@type":"ListItem","position":1,"name":"Home","item":"https:\/\/trufasilvestre.cl\/home\/"},{"@type":"ListItem","position":2,"name":"SOBRE TRUFAS"}]},{"@type":"WebSite","@id":"https:\/\/trufasilvestre.cl\/home\/#website","url":"https:\/\/trufasilvestre.cl\/home\/","name":"Trufa silvestre","description":"Trufa","potentialAction":[{"@type":"SearchAction","target":{"@type":"EntryPoint","urlTemplate":"https:\/\/trufasilvestre.cl\/home\/?s={search_term_string}"},"query-input":{"@type":"PropertyValueSpecification","valueRequired":true,"valueName":"search_term_string"}}],"inLanguage":"es-CL"}]}},"_links":{"self":[{"href":"https:\/\/trufasilvestre.cl\/home\/wp-json\/wp\/v2\/pages\/2953","targetHints":{"allow":["GET"]}}],"collection":[{"href":"https:\/\/trufasilvestre.cl\/home\/wp-json\/wp\/v2\/pages"}],"about":[{"href":"https:\/\/trufasilvestre.cl\/home\/wp-json\/wp\/v2\/types\/page"}],"author":[{"embeddable":true,"href":"https:\/\/trufasilvestre.cl\/home\/wp-json\/wp\/v2\/users\/2"}],"replies":[{"embeddable":true,"href":"https:\/\/trufasilvestre.cl\/home\/wp-json\/wp\/v2\/comments?post=2953"}],"version-history":[{"count":14,"href":"https:\/\/trufasilvestre.cl\/home\/wp-json\/wp\/v2\/pages\/2953\/revisions"}],"predecessor-version":[{"id":3006,"href":"https:\/\/trufasilvestre.cl\/home\/wp-json\/wp\/v2\/pages\/2953\/revisions\/3006"}],"wp:attachment":[{"href":"https:\/\/trufasilvestre.cl\/home\/wp-json\/wp\/v2\/media?parent=2953"}],"curies":[{"name":"wp","href":"https:\/\/api.w.org\/{rel}","templated":true}]}}